hen 181 is divided by 46.
43
What is the remainder when 274 is divided by 48?
34
Calculate the remainder when 442 is divided by 271.
171
Calculate the remainder when 73 is divided by 26.
21
What is the remainder when 45 is divided by 23?
22
Calculate the remainder when 47 is divided by 33.
14
What is the remainder when 209 is divided by 36?
29
Calculate the remainder when 145 is divided by 75.
70
What is the remainder when 370 is divided by 170?
30
Calculate the remainder when 38 is divided by 29.
9
Calculate the remainder when 3906 is divided by 145.
136
Calculate the remainder when 189 is divided by 178.
11
Calculate the remainder when 11339 is divided by 14.
13
What is the remainder when 164 is divided by 56?
52
What is the remainder when 451 is divided by 26?
9
Calculate the remainder when 208 is divided by 61.
25
Calculate the remainder when 102 is divided by 81.
21
Calculate the remainder when 678 is divided by 168.
6
What is the remainder when 69 is divided by 21?
6
What is the remainder when 99 is divided by 92?
7
What is the remainder when 5038 is divided by 24?
22
Calculate the remainder when 76 is divided by 23.
7
Calculate the remainder when 311 is divided by 35.
31
Calculate the remainder when 7682 is divided by 28.
10
Calculate the remainder when 64 is divided by 39.
25
What is the remainder when 2283 is divided by 1138?
7
What is the remainder when 106 is divided by 47?
12
What is the remainder when 9694 is divided by 16?
14
Calculate the remainder when 182 is divided by 23.
21
What is the remainder when 453 is divided by 12?
9
Calculate the remainder when 388 is divided by 38.
8
What is the remainder when 154 is divided by 13?
11
What is the remainder when 2291 is divided by 135?
131
What is the remainder when 433 is divided by 29?
27
What is the remainder when 413 is divided by 41?
3
What is the remainder when 540 is divided by 13?
7
What is the remainder when 1586 is divided by 43?
38
What is the remainder when 348 is divided by 23?
3
Calculate the remainder when 1071 is divided by 354.
9
What is the remainder when 669 is divided by 330?
9
What is the remainder when 5067 is divided by 39?
36
Calculate the remainder when 1520 is divided by 13.
12
Calculate the remainder when 208 is divided by 96.
16
What is the remainder when 1797 is divided by 22?
15
What is the remainder when 96 is divided by 58?
38
What is the remainder when 1308 is divided by 36?
12
What is the remainder when 375 is divided by 127?
121
Calculate the remainder when 165 is divided by 13.
9
What is the remainder when 1534 is divided by 64?
62
What is the remainder when 151 is divided by 22?
19
What is the remainder when 25 is divided by 14?
11
What is the remainder when 275 is divided by 3?
2
Calculate the remainder when 209 is divided by 84.
41
What is the remainder when 1397 is divided by 74?
65
Calculate the remainder when 113 is divided by 20.
13
What is the remainder when 15658 is divided by 41?
37
What is the remainder when 45 is divided by 19?
7
Calculate the remainder when 304 is divided by 77.
73
Calculate the remainder when 189 is divided by 186.
3
What is the remainder when 486 is divided by 136?
78
Calculate the remainder when 211 is divided by 104.
3
What is the remainder when 294 is divided by 33?
30
What is the remainder when 103 is divided by 95?
8
What is the remainder when 387 is divided by 59?
33
Calculate the remainder when 1763 is divided by 5.
3
Calculate the remainder when 16 is divided by 3.
1
Calculate the remainder when 180 is divided by 37.
32
Calculate the remainder when 820 is divided by 238.
106
Calculate the remainder when 298 is divided by 43.
40
What is the remainder when 602 is divided by 380?
222
What is the remainder when 5641 is divided by 83?
80
Calculate the remainder when 694 is divided by 29.
27
What is the remainder when 607 is divided by 140?
47
What is the remainder when 2343 is divided by 34?
31
What is the remainder when 11599 is divided by 80?
79
What is the remainder when 517 is divided by 49?
27
What is the remainder when 324 is divided by 87?
63
Calculate the remainder when 269 is divided by 81.
26
Calculate the remainder when 228 is divided by 52.
20
What is the remainder when 7392 is divided by 145?
142
Calculate the remainder when 265 is divided by 10.
5
Calculate the remainder when 3645 is divided by 64.
61
What is the remainder when 417 is divided by 77?
32
Calculate the remainder when 8381 is divided by 66.
65
Calculate the remainder when 71 is divided by 21.
8
What is the remainder when 2072 is divided by 43?
8
What is the remainder when 1784 is divided by 40?
24
Calculate the remainder when 3280 is divided by 653.
15
What is the remainder when 131 is divided by 60?
11
What is the remainder when 6021 is divided by 105?
36
What is the remainder when 18778 is divided by 15?
13
What is the remainder when 4917 is divided by 491?
7
Calculate the remainder when 654 is divided by 2.
0
What is the remainder when 1578 is divided by 125?
78
What is the remainder when 481 is divided by 227?
27
What is the remainder when 2176 is divided by 13?
5
What is the remainder when 63119 is divided by 17?
15
What is the remainder when 205 is divided by 40?
5
What is the remainder when 5797 is divided by 6?
1
What is the remainder when 320 is divided by 58?
30
Calculate the remainder when 3804 is divided by 254.
248
What is the remainder when 1238 is divided by 138?
134
What is the remainder when 258 is divided by 37?
36
Calculate the remainder when 75 is divided by 17.
7
What is the remainder when 1098 is divided by 92?
86
Calculate the remainder when 279 is divided by 5.
4
What is the remainder when 446 is divided by 50?
46
Calculate the remainder when 82 is divided by 12.
10
Calculate the remainder when 137 is divided by 49.
39
What is the remainder when 947 is divided by 19?
16
Calculate the remainder when 62928 is divided by 290.
288
Calculate the remainder when 29 is divided by 4.
1
What is the remainder when 1378 is divided by 21?
13
Calculate the remainder when 207 is divided by 17.
3
What is the remainder when 3068 is divided by 83?
80
Calculate the remainder when 372 is divided by 24.
12
What is the remainder when 584 is divided by 175?
59
What is the remainder when 381 is divided by 132?
117
What is the remainder when 428 is divided by 19?
10
Calculate the remainder when 281 is divided by 27.
11
What is the remainder when 580 is divided by 152?
124
Calculate the remainder when 21146 is divided by 159.
158
What is the remainder when 215 is divided by 91?
33
What is the remainder when 1077 is divided by 520?
37
What is the remainder when 1063 is divided by 119?
111
What is the remainder when 1535 is divided by 765?
5
What is the remainder when 68 is divided by 26?
16
Calculate the remainder when 3719 is divided by 60.
59
What is the remainder when 1424 is divided by 57?
56
What is the remainder when 165 is divided by 42?
39
What is the remainder when 78 is divided by 33?
12
What is the remainder when 220 is divided by 48?
28
What is the remainder when 700 is divided by 18?
16
What is the remainder when 41 is divided by 31?
10
What is the remainder when 2002 is divided by 4?
2
Calculate the remainder when 7984 is divided by 363.
361
Calculate the remainder when 90 is divided by 64.
26
What is the remainder when 130 is divided by 44?
42
What is the remainder when 383 is divided by 77?
75
What is the remainder when 454 is divided by 256?
198
Calculate the remainder when 4888 is divided by 70.
58
Calculate the remainder when 647 is divided by 10.
7
Calculate the remainder when 325 is divided by 41.
38
What is the remainder when 860 is divided by 105?
20
Calculate the remainder when 455 is divided by 91.
0
What is the remainder when 1372 is divided by 27?
22
Calculate the remainder when 190 is divided by 68.
54
What is the remainder when 71 is divided by 17?
3
What is the remainder when 140 is divided by 137?
3
Calculate the remainder when 90 is divided by 16.
10
Calculate the remainder when 7439 is divided by 61.
58
What is the remainder when 297 is divided by 51?
42
Calculate the remainder when 3447 is divided by 38.
27
What is the remainder when 2619 is divided by 44?
23
Calculate the remainder when 1252 is divide